
Is 72 a factor of 39312?
True
Is 221349 a multiple of 12?
False
Is 20 a factor of 2807600?
True
Is 2148158 a multiple of 16?
False
Is 139 a factor of 881958?
False
Does 476 divide 2409748?
False
Is 113 a factor of 4962262?
False
Is 4 a factor of 211970?
False
Does 13 divide 459730?
False
Is 117 a factor of 679302?
True
Is 91 a factor of 341978?
True
Does 5 divide 1984029?
False
Is 1248976 a multiple of 138?
False
Is 2058 a factor of 14311332?
True
Does 69 divide 379049?
False
Does 29 divide 2408483?
False
Is 34056 a multiple of 198?
True
Is 284225 a multiple of 51?
False
Is 12 a factor of 174703?
False
Is 8088700 a multiple of 117?
False
Is 50 a factor of 4261200?
True
Does 31 divide 6660520?
False
Is 8 a factor of 818739?
False
Does 340 divide 767380?
True
Is 184 a factor of 322552?
True
Is 142267 a multiple of 113?
True
Does 280 divide 20127520?
True
Is 1020068 a multiple of 14?
True
Does 153 divide 19737?
True
Does 412 divide 6827252?
True
Is 1220382 a multiple of 12?
False
Is 27 a factor of 593109?
True
Is 22 a factor of 211112?
True
Does 25 divide 195300?
True
Is 112959 a multiple of 7?
True
Is 1339 a factor of 16448206?
False
Is 197 a factor of 5831791?
True
Is 34 a factor of 129399?
False
Does 11 divide 46517?
False
Does 72 divide 2786329?
False
Is 5844948 a multiple of 12?
True
Is 1167 a multiple of 2?
False
Is 1800 a factor of 5518800?
True
Does 94 divide 41172?
True
Is 121890 a multiple of 30?
True
Does 20 divide 35863405?
False
Does 4 divide 719972?
True
Does 120 divide 14648354?
False
Is 10 a factor of 250650?
True
Is 181 a factor of 498836?
True
Does 177 divide 447969?
False
Is 90 a factor of 1298610?
True
Is 791660 a multiple of 92?
True
Does 24 divide 271454?
False
Is 1102380 a multiple of 12?
True
Is 72 a factor of 353880?
True
Is 18625472 a multiple of 212?
True
Is 15610 a multiple of 70?
True
Is 28 a factor of 17704?
False
Is 875 a factor of 294875?
True
Is 3335220 a multiple of 1260?
True
Does 483 divide 645771?
True
Does 759 divide 516879?
True
Does 135 divide 577492?
False
Does 463 divide 3237296?
True
Does 16 divide 16263543?
False
Is 304 a factor of 1264095?
False
Does 44 divide 19573796?
True
Is 5 a factor of 5898?
False
Does 10 divide 120?
True
Does 232 divide 1412648?
True
Is 121 a factor of 2547726?
False
Does 107 divide 567024?
False
Does 29 divide 20474?
True
Is 105 a factor of 1021690?
False
Is 2 a factor of 16628?
True
Is 356122 a multiple of 237?
False
Is 9242424 a multiple of 1678?
True
Is 48 a factor of 1244592?
True
Is 103 a factor of 262884?
False
Is 28 a factor of 357644?
True
Does 9 divide 36001?
False
Is 398 a factor of 665058?
True
Does 2 divide 2173?
False
Is 13967241 a multiple of 87?
True
Is 56 a factor of 60951?
False
Is 716482 a multiple of 34?
True
Is 140 a factor of 164998?
False
Does 194 divide 3271422?
True
Is 1150 a multiple of 23?
True
Is 55327 a multiple of 6?
False
Is 12569760 a multiple of 2088?
True
Does 4 divide 880320?
True
Is 15 a factor of 5462891?
False
Does 17 divide 108545?
True
Does 56 divide 361904?
False
Does 172 divide 319569?
False
Is 575040 a multiple of 599?
True
Does 188 divide 6375080?
True
Is 1256 a factor of 22621816?
True
Is 1801800 a multiple of 20?
True
Is 180 a factor of 621180?
True
Is 8 a factor of 1141176?
True
Is 419677 a multiple of 5?
False
Is 81 a factor of 4045097?
False
Does 21 divide 6090?
True
Is 194 a factor of 4225902?
True
Does 620 divide 220720?
True
Is 12 a factor of 406812?
True
Does 8 divide 1507950?
False
Does 112 divide 102816?
True
Is 41 a factor of 1891576?
True
Is 7 a factor of 6426098?
True
Is 194323 a multiple of 12?
False
Is 22 a factor of 1718750?
True
Is 250 a factor of 340132?
False
Does 6 divide 136619?
False
Does 230 divide 353610?
False
Is 1101 a factor of 4091452?
False
Is 26 a factor of 759408?
True
Does 20 divide 411420?
True
Does 6 divide 542165?
False
Is 4834032 a multiple of 14?
True
Is 56 a factor of 728616?
True
Is 53408 a multiple of 2?
True
Is 492936 a multiple of 188?
True
Is 1777390 a multiple of 40?
False
Does 10 divide 40480?
True
Is 5 a factor of 35959?
False
Does 6 divide 137159?
False
Does 16 divide 516368?
True
Does 299 divide 456274?
True
Is 54 a factor of 4954014?
True
Does 137 divide 1056407?
True
Is 21 a factor of 554526?
True
Is 10 a factor of 703611?
False
Is 1392325 a multiple of 11?
True
Is 15 a factor of 180423?
False
Is 1608880 a multiple of 14?
True
Is 53 a factor of 25135?
False
Does 94 divide 76866?
False
Is 403800 a multiple of 600?
True
Does 115 divide 36685?
True
Is 1469552 a multiple of 14?
True
Is 43 a factor of 54309?
True
Does 44 divide 805271?
False
Does 242 divide 1949794?
True
Is 2 a factor of 261448?
True
Is 85 a factor of 243695?
True
Does 61 divide 639022?
False
Does 59 divide 52097?
True
Does 12 divide 242886?
False
Is 19 a factor of 294158?
True
Is 734 a factor of 3772026?
True
Is 1318683 a multiple of 556?
False
Is 107 a factor of 665861?
True
Is 35325 a multiple of 75?
True
Is 256949 a multiple of 517?
True
Is 9382 a multiple of 8?
False
Is 13316576 a multiple of 221?
True
Is 47497 a multiple of 94?
False
Is 3 a factor of 342174?
True
Is 25 a factor of 22234000?
True
Is 2573880 a multiple of 120?
True
Is 12 a factor of 305881?
False
Is 206235 a multiple of 15?
True
Is 25110 a multiple of 27?
True
Does 337 divide 11951204?
False
Is 29 a factor of 112188?
False
Does 4 divide 152520?
True
Is 34803 a multiple of 21?
False
Does 8 divide 4623?
False
Is 81 a factor of 216131?
False
Does 141 divide 1992965?
False
Is 1293523 a multiple of 14?
False
Does 32 divide 1266656?
True
Is 3 a factor of 14734?
False
Is 261635 a multiple of 32?
False
Does 296 divide 1779552?
True
Is 654 a factor of 842352?
True
Does 82 divide 120604?
False
Is 198 a factor of 3318969?
False
Is 10 a factor of 4961690?
True
Is 11950389 a multiple of 19?
False
Is 579 a factor of 14400990?
False
Is 2612460 a multiple of 115?
False
Does 12 divide 1452702?
False
Does 214 divide 1466707?
False
Is 16 a factor of 1277328?
True
Is 162 a factor of 532980?
True
Is 12 a factor of 121463?
False
Is 195017 a multiple of 369?
False
Does 155 divide 1876242?
False
Does 88 divide 647821?
False
Is 26845 a multiple of 18?
False
Does 144 divide 1244448?
True
Is 29 a factor of 148658?
False
Is 117 a factor of 581198?
False
Does 543 divide 110772?
True
Is 129 a factor of 2620125?
False
Is 680635 a multiple of 7?
False
Does 164 divide 582364?
True
Is 436 a factor of 28822840?
False
Is 3 a factor of 22639?
False
Does 5 divide 13258?
False
Is 429512 a multiple of 53?
True
Is 36 a factor of 994933?
False
Is 3254802 a multiple of 3?
True
Is 25 a factor of 239378?
False
Is 37 a factor of 63743?
False
Is 13133545 a multiple of 1013?
True
Does 147 divide 38220?
True
Does 139 divide 36279?
True
Is 44 a factor of 176440?
True
Is 38302 a multiple of 21?
False
Does 170 divide 70720?
True
Is 50 a factor of 29550?
True
Is 320186 a multiple of 145?
False
Does 71 divide 839291?
True
Is 80 a factor of 752708?
False
Is 17866072 a multiple of 27?
False
Is 552 a factor of 573870?
False
Is 753 a factor of 4886217?
True
Does 671 divide 43615?
True
Does 5 divide 303445?
True
Does 60 divide 923280?
True
Does 17 divide 122417?
True
Does 25 divide 117720?
False
Is 332 a factor of 381305?
False
Is 41 a factor of 820779?
True
Is 903 a factor of 16496004?
True
Is 430997 a multiple of 113?
False
Is 25 a factor of 57134?
False
Is 7827183 a multiple of 1156?
False
Is 6512 a multiple of 74?
True
Is 3925710 a multiple of 599?
False
Is 28 a factor of 28780?
False
Is 3 a factor of 43766?
False
Does 52 divide 13787252?
False
Does 11 divide 2008114?
False
Is 121 a factor of 11544019?
False
Does 2 divide 13479?
False
Is 796062 a multiple of 433?
False
Is 670 a factor of 1041850?
True
Is 987249 a multiple of 14?
False
Does 724 divide 6088116?
True
Is 20 a factor of 852680?
True
Is 77729 a multiple of 19?
True
Is 4815936 a multiple of 192?
True
Is 24 a factor of 1288032?
True
Is 542212 a multiple of 362?
False
Does 3 divide 2952?
True
Is 2254775 a multiple of 35?
False
Does 419 divide 308384?
True
Is 44 a factor of 68640?
True
Is 70 a factor of 217350?
True
Is 253877 a multiple of 2?
False
Is 91 a factor of 516698?
True
Is 40 a factor of 12505828?
False
Does 28 divide 2123184?
True
Is 